e factors of 1267706648.
2, 13, 1399, 8713
List the prime factors of 719634574.
2, 359817287
List the prime factors of 127598120.
2, 5, 13, 59, 4159
List the prime factors of 35024509.
13, 311, 8663
List the prime factors of 838404800.
2, 5, 47, 11149
What are the prime factors of 18500115?
3, 5, 29, 71, 599
List the prime factors of 1804091214.
2, 3, 37, 8126537
List the prime factors of 1453197572.
2, 67, 5422379
What are the prime factors of 205278946?
2, 211, 486443
List the prime factors of 136735261.
13, 29, 362693
List the prime factors of 61449617.
1439, 42703
List the prime factors of 3032658738.
2, 3, 47, 1194901
What are the prime factors of 1601868860?
2, 5, 17, 4711379
What are the prime factors of 139618567?
11, 12692597
List the prime factors of 403245250.
2, 5, 41, 39341
List the prime factors of 541360009.
15607, 34687
List the prime factors of 136641171.
3, 45547057
List the prime factors of 253024699.
11779, 21481
List the prime factors of 108410983.
23, 97, 48593
List the prime factors of 7823751189.
3, 919, 2837777
List the prime factors of 37937745.
3, 5, 67, 12583
What are the prime factors of 179033257?
13, 19, 38149
List the prime factors of 3827584459.
17, 29, 7763863
List the prime factors of 3146584727.
11, 13, 43, 511723
What are the prime factors of 800492629?
19, 229, 183979
What are the prime factors of 49370101?
11, 131, 34261
List the prime factors of 83254438.
2, 2657, 15667
List the prime factors of 6624589628.
2, 19, 23, 3789811
What are the prime factors of 119848403?
119848403
List the prime factors of 5201183455.
5, 13, 71, 421, 2677
What are the prime factors of 78586235?
5, 7, 13, 172717
What are the prime factors of 167444346?
2, 3, 27907391
What are the prime factors of 8270471?
11, 68351
What are the prime factors of 1819441826?
2, 11287, 80599
What are the prime factors of 2344072841?
11, 179, 1190489
List the prime factors of 1080728926.
2, 540364463
List the prime factors of 97619023.
97619023
What are the prime factors of 581762994?
2, 3, 9601, 10099
List the prime factors of 5285868177.
3, 1761956059
List the prime factors of 312410092.
2, 37, 2110879
What are the prime factors of 1653236218?
2, 826618109
List the prime factors of 39196461.
3, 13065487
List the prime factors of 284213.
71, 4003
What are the prime factors of 2612562327?
3, 283, 1025741
What are the prime factors of 31386030?
2, 3, 5, 13, 23, 3499
What are the prime factors of 29198162?
2, 7, 233, 8951
What are the prime factors of 1320290897?
41, 53, 79, 7691
What are the prime factors of 61242359?
599, 102241
What are the prime factors of 584576796?
2, 3, 31, 71, 22133
What are the prime factors of 938302004?
2, 19, 467, 26437
What are the prime factors of 999388918?
2, 11, 47, 966527
What are the prime factors of 1627514289?
3, 20092769
What are the prime factors of 482221721?
73, 211, 31307
What are the prime factors of 1066818848?
2, 33338089
What are the prime factors of 1776864663?
3, 7, 28204201
What are the prime factors of 4314241464?
2, 3, 13, 113, 9413
What are the prime factors of 589667885?
5, 139, 848443
What are the prime factors of 53288281?
53288281
What are the prime factors of 85701678?
2, 3, 1783, 8011
What are the prime factors of 463359264?
2, 3, 821, 5879
List the prime factors of 55794747.
3, 18598249
What are the prime factors of 2080318178?
2, 31, 33553519
What are the prime factors of 268854612?
2, 3, 13, 857, 2011
List the prime factors of 2224693422.
2, 3, 7, 1693, 10429
List the prime factors of 319969448.
2, 39996181
List the prime factors of 175354685.
5, 11, 101, 31567
List the prime factors of 98342571.
3, 31, 193, 5479
What are the prime factors of 44997393?
3, 7, 43, 49831
List the prime factors of 2825267619.
3, 47, 20037359
What are the prime factors of 1586976722?
2, 2351, 337511
List the prime factors of 136579752.
2, 3, 19, 99839
What are the prime factors of 130331329?
47, 2773007
What are the prime factors of 6191938?
2, 3095969
List the prime factors of 684908684.
2, 521, 328651
List the prime factors of 966144185.
5, 37, 5222401
List the prime factors of 71776139.
71776139
List the prime factors of 67163375.
5, 537307
What are the prime factors of 172100854?
2, 4391, 19597
What are the prime factors of 2470149685?
5, 293, 1686109
List the prime factors of 2843609593.
11, 5801, 44563
What are the prime factors of 854009070?
2, 3, 5, 59, 563, 857
List the prime factors of 4276999.
4276999
List the prime factors of 2705440716.
2, 3, 11, 2277307
What are the prime factors of 666077795?
5, 179, 744221
What are the prime factors of 139053290?
2, 5, 31, 617, 727
What are the prime factors of 4657356848?
2, 23, 29, 233, 1873
List the prime factors of 1009855.
5, 7, 11, 43, 61
What are the prime factors of 1210816346?
2, 41, 14766053
What are the prime factors of 100679903?
9011, 11173
What are the prime factors of 267070254?
2, 3, 11, 1091, 3709
What are the prime factors of 27828988?
2, 11, 23, 107, 257
List the prime factors of 1487720338.
2, 13, 61, 938033
List the prime factors of 107798313.
3, 7, 89, 137, 421
List the prime factors of 73922435.
5, 293, 50459
List the prime factors of 89335777.
19, 4701883
What are the prime factors of 239592903?
3, 11, 577, 12583
What are the prime factors of 114160652?
2, 28540163
What are the prime factors of 109427925?
3, 5, 1193, 1223
List the prime factors of 283219170.
2, 3, 5, 13, 179, 4057
List the prime factors of 76391459.
61, 89, 14071
What are the prime factors of 30463592?
2, 17, 23, 9739
What are the prime factors of 102972830?
2, 5, 1627, 6329
List the prime factors of 1046358831.
3, 7, 29, 1718159
What are the prime factors of 11606599?
11606599
What are the prime factors of 43388027?
3191, 13597
List the prime factors of 64921418.
2, 32460709
What are the prime factors of 885593474?
2, 29, 15268853
What are the prime factors of 83227136?
2, 162553
What are the prime factors of 137682846?
2, 3, 7, 37, 4219
List the prime factors of 616229407.
6397, 96331
What are the prime factors of 1079003031?
3, 241, 271, 5507
What are the prime factors of 16157466?
2, 3, 13, 29, 2381
What are the prime factors of 51111703?
51111703
What are the prime factors of 188787499?
17, 11105147
What are the prime factors of 784288040?
2, 5, 23, 139, 6133
List the prime factors of 173886697.
29, 5996093
What are the prime factors of 88839970?
2, 5, 8883997
What are the prime factors of 3652622?
2, 1826311
What are the prime factors of 174812878?
2, 269, 324931
What are the prime factors of 675303578?
2, 71, 167, 28477
List the prime factors of 736225154.
2, 7, 17, 3093383
List the prime factors of 87274746.
2, 3, 13, 29, 1429
List the prime factors of 3087317612.
2, 29, 43, 151, 4099
What are the prime factors of 447883562?
2, 7, 31991683
What are the prime factors of 74661786?
2, 3, 59, 229, 307
What are the prime factors of 252731858?
2, 126365929
List the prime factors of 28790224.
2, 757, 2377
List the prime factors of 318414026.
2, 7, 29, 281, 2791
List the prime factors of 213888174.
2, 3, 179, 199151
What are the prime factors of 304853108?
2, 7, 443, 3511
List the prime factors of 1258536836.
2, 641, 490849
What are the prime factors of 56685381?
3, 18895127
What are the prime factors of 6262868?
2, 17, 31, 2971
What are the prime factors of 1972434240?
2, 3, 5, 7, 1553
List the prime factors of 18418975.
5, 23, 103, 311
List the prime factors of 1067207399.
59, 1201, 15061
List the prime factors of 43286297.
43286297
What are the prime factors of 988604263?
997, 991579
What are the prime factors of 16839325?
5, 673573
List the prime factors of 506493396.
2, 3, 23, 611707
List the prime factors of 77779493.
11, 7070863
List the prime factors of 171943718.
2, 1669, 51511
What are the prime factors of 5916152326?
2, 7, 422582309
List the prime factors of 21272167.
7, 29, 104789
List the prime factors of 190693.
23, 8291
What are the prime factors of 727208514?
2, 3, 167, 241919
What are the prime factors of 50337200?
2, 5, 61, 2063
List the prime factors of 3029627754.
2, 3, 761, 221173
List the prime factors of 2624648331.
3, 163, 5367379
What are the prime factors of 630108936?
2, 3, 2917171
List the prime factors of 2086022727.
3, 2503, 10289
What 